of 26747494 and 34?
34
Calculate the greatest common factor of 266848 and 28892.
124
Calculate the greatest common divisor of 2779 and 885453317.
2779
Calculate the highest common factor of 89964604 and 18804.
6268
What is the greatest common factor of 378 and 24582362?
14
Calculate the highest common divisor of 26 and 8661614.
26
What is the highest common divisor of 5 and 56209?
1
Calculate the greatest common factor of 7681624 and 833036.
7372
Calculate the greatest common divisor of 50 and 768010.
10
Calculate the greatest common divisor of 2074785 and 1515.
15
Calculate the highest common divisor of 923322680 and 862.
862
What is the highest common divisor of 282 and 146797215?
141
What is the greatest common divisor of 221473 and 31552?
29
Calculate the highest common divisor of 880 and 11660605.
55
What is the greatest common divisor of 105892 and 1748?
92
What is the greatest common divisor of 68 and 4661621?
17
What is the greatest common factor of 6152231 and 7?
1
What is the highest common factor of 9920 and 1889120?
160
What is the highest common divisor of 536031703 and 2038?
1019
What is the highest common divisor of 235565 and 265?
5
What is the highest common divisor of 25950 and 1031400?
150
What is the highest common divisor of 26038386 and 198?
198
Calculate the greatest common factor of 399424 and 247744.
5056
What is the highest common divisor of 299 and 2046382?
13
Calculate the greatest common divisor of 94368823 and 7894.
3947
Calculate the greatest common divisor of 5135992 and 414.
46
Calculate the greatest common factor of 88755 and 3259200.
1455
Calculate the highest common divisor of 2742 and 1686070424.
914
Calculate the greatest common factor of 85 and 8823085.
85
Calculate the greatest common divisor of 9824244 and 348.
12
What is the greatest common factor of 18 and 22937679?
9
What is the greatest common divisor of 1212 and 14221002?
606
What is the highest common factor of 4119985 and 5?
5
What is the greatest common divisor of 395137569 and 6?
3
Calculate the greatest common divisor of 378 and 739438.
14
Calculate the highest common divisor of 5809245 and 37882.
403
What is the greatest common divisor of 882 and 2969547?
147
What is the highest common divisor of 31117 and 2705033?
1073
What is the highest common divisor of 364 and 21130382?
182
Calculate the greatest common factor of 3864891 and 188211.
4377
What is the highest common factor of 926197 and 2158?
83
What is the greatest common factor of 264468 and 2796?
12
What is the greatest common divisor of 11944 and 2039?
1
Calculate the highest common factor of 183875 and 920.
5
What is the greatest common factor of 2 and 111754939?
1
What is the greatest common factor of 64359036 and 301637?
7357
What is the highest common factor of 266 and 269580892?
266
What is the highest common factor of 148798 and 3784378?
1534
What is the greatest common divisor of 8069182 and 4439?
23
Calculate the greatest common factor of 1016136 and 1496.
88
What is the greatest common divisor of 3 and 3833169?
3
Calculate the greatest common factor of 759769134 and 204.
102
What is the greatest common factor of 13760 and 440965?
215
Calculate the highest common divisor of 2013 and 7187752.
671
What is the highest common divisor of 8208 and 91081098?
1026
What is the highest common divisor of 158132 and 10660?
52
What is the greatest common divisor of 1863908500 and 46?
46
What is the highest common divisor of 158 and 611163118?
158
What is the greatest common divisor of 15200 and 6808700?
100
What is the highest common divisor of 91 and 19418633?
13
Calculate the greatest common factor of 3170760 and 2136.
24
What is the highest common divisor of 299607220 and 880?
220
Calculate the highest common divisor of 836508 and 60360.
12
What is the highest common factor of 28821840 and 2160?
240
What is the greatest common divisor of 28 and 60700353?
7
What is the greatest common factor of 15371720 and 4592?
2296
What is the greatest common factor of 53315931 and 2865?
573
What is the highest common divisor of 7403484 and 624?
12
Calculate the greatest common factor of 36539 and 111325.
61
What is the highest common divisor of 4522202 and 4?
2
Calculate the highest common divisor of 1080 and 19544760.
1080
Calculate the highest common divisor of 4441478 and 4864.
38
What is the highest common factor of 2169 and 34872459?
723
What is the greatest common factor of 1537 and 5429148?
29
Calculate the highest common factor of 29292 and 3239207.
2441
Calculate the highest common factor of 305 and 41964401.
61
Calculate the greatest common divisor of 4168 and 25140334.
1042
Calculate the highest common divisor of 4983643 and 2014.
1007
What is the highest common factor of 13792765 and 31115?
245
Calculate the greatest common factor of 15 and 420739455.
15
Calculate the highest common factor of 721688 and 20296.
472
What is the greatest common factor of 5215787 and 52768?
1649
What is the highest common factor of 20403 and 62181?
9
What is the highest common factor of 1311584 and 22984?
136
Calculate the greatest common divisor of 6502960 and 232.
232
Calculate the greatest common divisor of 86 and 4708414.
86
Calculate the greatest common divisor of 405 and 2777435.
5
What is the highest common divisor of 11031136 and 14848?
928
Calculate the highest common divisor of 12046781 and 746.
373
Calculate the greatest common factor of 432480 and 36930.
30
What is the highest common divisor of 661128 and 2263248?
4056
Calculate the highest common factor of 2402 and 167.
1
Calculate the highest common factor of 1437 and 2125220973.
1437
What is the greatest common divisor of 282 and 68863554?
282
What is the greatest common factor of 2609517 and 8721?
969
Calculate the highest common divisor of 392784 and 75264.
2352
Calculate the greatest common divisor of 16632 and 154560.
168
What is the greatest common factor of 339967 and 582448?
617
What is the greatest common divisor of 74296575 and 250?
25
What is the greatest common divisor of 1038125 and 6040?
755
What is the highest common factor of 86 and 770900087?
43
Calculate the highest common divisor of 96 and 15456048.
48
Calculate the greatest common divisor of 69 and 1270254.
3
Calculate the highest common factor of 3 and 43035894.
3
Calculate the highest common factor of 2550371 and 205301.
859
Calculate the greatest common divisor of 89507 and 8453.
79
Calculate the greatest common factor of 39851468 and 34.
34
What is the greatest common factor of 1063477630 and 310?
310
Calculate the greatest common factor of 7161 and 42900466.
217
Calculate the highest common factor of 1450 and 1638790.
290
Calculate the highest common factor of 237993 and 99372.
147
What is the highest common divisor of 625 and 10115625?
625
What is the highest common divisor of 5252813 and 170?
17
What is the greatest common factor of 1134656 and 17600?
64
What is the highest common divisor of 94056798 and 33?
33
What is the greatest common factor of 581626 and 2249?
173
Calculate the greatest common factor of 194632500 and 150.
150
Calculate the highest common factor of 86112 and 56185389.
2691
Calculate the highest common factor of 164523 and 2119779.
951
What is the highest common divisor of 31266 and 777597?
579
What is the highest common divisor of 848 and 70456720?
16
What is the greatest common factor of 866 and 14573914?
866
Calculate the greatest common factor of 7488 and 406152.
72
Calculate the highest common divisor of 10504 and 1904456.
808
Calculate the highest common factor of 384 and 559596.
12
Calculate the greatest common factor of 1923441 and 9789.
39
Calculate the greatest common divisor of 68400 and 930924.
684
Calculate the greatest common factor of 15384 and 35962023.
1923
What is the greatest common divisor of 42159 and 14875848?
897
Calculate the highest common divisor of 5460 and 4854486.
546
What is the greatest common divisor of 31885581 and 182?
91
Calculate the highest common divisor of 4780882 and 1798.
1798
What is the greatest common factor of 118 and 4883017?
59
Calculate the greatest common divisor of 2847921675 and 3090.
1545
Calculate the greatest common divisor of 80 and 11822590.
10
Calculate the highest common divisor of 24 and